{"id":575,"date":"2025-03-17T21:30:04","date_gmt":"2025-03-18T00:30:04","guid":{"rendered":"https:\/\/pntlubricantes.com.ar\/nuevacarp\/?post_type=product&#038;p=575"},"modified":"2025-10-25T14:46:37","modified_gmt":"2025-10-25T17:46:37","slug":"pnt-plus","status":"publish","type":"product","link":"https:\/\/pntlubricantes.com.ar\/nuevacarp\/producto\/pnt-plus\/","title":{"rendered":"PNT PLUS"},"content":{"rendered":"<p><span class=\"H4\">Poderoso desplazante de agua y de humedad en aerosol.<br \/>\nLubrica, suaviza y elimina ruidos.<br \/>\nElimina y previene fallas producidas por el agua o la humedad en distribuidores, cables de bujia, contactos, etc.<br \/>\nLubricante liviano apto para piezas y mecanismos delicados.<br \/>\nProtege cualquier pieza contra la formaci\u00f3n de \u00f3xido.<br \/>\nLubricante especial para m\u00e1quinas el\u00e9ctricas.<br \/>\nDestraba, lubrica todo tipo de cerraduras, candados, bisagras, etc.<br \/>\n<\/span><\/p>\n<p><strong><img decoding=\"async\" src=\"https:\/\/www.pntlubricantes.com.ar\/web-web-diego\/Embalaje-PNT.jpg\" alt=\"PNT LUBRICANTES - Productos - Lubricantes - Aerosol\" width=\"70\" height=\"64\" \/>Presentaciones:<\/strong><\/p>\n<p><strong>Art. 316<\/strong> = Aerosol 165 g \/ 230 cm3 &#8211; Pack x 12 unidades.<\/p>\n<p><strong>Art. 318<\/strong> = Aerosol 264 g \/ 400 cm3 &#8211; Pack x 12 unidades.<\/p>\n<p><strong>Art. 108<\/strong> = Bid\u00f3n x 5 litros &#8211; x unidad.<\/p>\n","protected":false},"excerpt":{"rendered":"<p>Poderoso desplazante de agua y de humedad en aerosol. Lubrica, suaviza y elimina ruidos. Elimina y previene fallas producidas por el agua o la humedad en distribuidores, cables de bujia, contactos, etc. Lubricante liviano apto para piezas y mecanismos delicados. Protege cualquier pieza contra la formaci\u00f3n de \u00f3xido. Lubricante especial para m\u00e1quinas el\u00e9ctricas. Destraba, lubrica todo tipo de cerraduras, candados, bisagras, etc. Presentaciones: Art. 316 = Aerosol 165 g \/ 230 cm3 &#8211; Pack x 12 unidades. Art. 318 = Aerosol 264 g \/ 400 cm3 &#8211; Pack x 12 unidades. Art. 108 = Bid\u00f3n x 5 litros &#8211; x unidad.<\/p>\n","protected":false},"featured_media":768,"comment_status":"open","ping_status":"closed","template":"","meta":[],"product_brand":[],"product_cat":[25],"product_tag":[],"class_list":{"0":"post-575","1":"product","2":"type-product","3":"status-publish","4":"has-post-thumbnail","6":"product_cat-lubricantes","8":"first","9":"instock","10":"shipping-taxable","11":"product-type-simple"},"_links":{"self":[{"href":"https:\/\/pntlubricantes.com.ar\/nuevacarp\/wp-json\/wp\/v2\/product\/575","targetHints":{"allow":["GET"]}}],"collection":[{"href":"https:\/\/pntlubricantes.com.ar\/nuevacarp\/wp-json\/wp\/v2\/product"}],"about":[{"href":"https:\/\/pntlubricantes.com.ar\/nuevacarp\/wp-json\/wp\/v2\/types\/product"}],"replies":[{"embeddable":true,"href":"https:\/\/pntlubricantes.com.ar\/nuevacarp\/wp-json\/wp\/v2\/comments?post=575"}],"wp:featuredmedia":[{"embeddable":true,"href":"https:\/\/pntlubricantes.com.ar\/nuevacarp\/wp-json\/wp\/v2\/media\/768"}],"wp:attachment":[{"href":"https:\/\/pntlubricantes.com.ar\/nuevacarp\/wp-json\/wp\/v2\/media?parent=575"}],"wp:term":[{"taxonomy":"product_brand","embeddable":true,"href":"https:\/\/pntlubricantes.com.ar\/nuevacarp\/wp-json\/wp\/v2\/product_brand?post=575"},{"taxonomy":"product_cat","embeddable":true,"href":"https:\/\/pntlubricantes.com.ar\/nuevacarp\/wp-json\/wp\/v2\/product_cat?post=575"},{"taxonomy":"product_tag","embeddable":true,"href":"https:\/\/pntlubricantes.com.ar\/nuevacarp\/wp-json\/wp\/v2\/product_tag?post=575"}],"curies":[{"name":"wp","href":"https:\/\/api.w.org\/{rel}","templated":true}]}}