{"id":606,"date":"2025-03-17T21:55:38","date_gmt":"2025-03-18T00:55:38","guid":{"rendered":"https:\/\/pntlubricantes.com.ar\/nuevacarp\/?post_type=product&#038;p=606"},"modified":"2025-10-25T14:10:22","modified_gmt":"2025-10-25T17:10:22","slug":"pnt-aceitera-bicicleta-lubricante-para-cadena","status":"publish","type":"product","link":"https:\/\/pntlubricantes.com.ar\/nuevacarp\/producto\/pnt-aceitera-bicicleta-lubricante-para-cadena\/","title":{"rendered":"PNT Aceitera BICICLETA Lubricante para Cadena \/\/ Terreno seco y \u00e1rido \/\/"},"content":{"rendered":"<p>\/\/ Terreno seco y \u00e1rido \/\/<\/p>\n<p><span class=\"H4\">Lubricante ecol\u00f3gico a base de derivados vegetales que act\u00faa penetrando y formando una pel\u00edcula seca sobre la cadena. Le quita fricci\u00f3n provocando menor desgaste, andar suave y facilita el pasaje de los cambios sobre el pi\u00f1\u00f3n, corona y todo el mecanismo de transmisi\u00f3n<\/span><span class=\"H4\">.<br \/>\n<\/span><\/p>\n<p><strong><img decoding=\"async\" src=\"https:\/\/www.pntlubricantes.com.ar\/web-web-diego\/Embalaje-PNT.jpg\" alt=\"PNT LUBRICANTES - Productos - Lubricantes - Aerosol\" width=\"70\" height=\"64\" \/>Presentaciones:<\/strong><\/p>\n<p><strong>Art. 771 =<\/strong>\u00a0Aceitera x 100 cm3 &#8211; Pack x 12 unidades.<\/p>\n","protected":false},"excerpt":{"rendered":"<p>\/\/ Terreno seco y \u00e1rido \/\/ Lubricante ecol\u00f3gico a base de derivados vegetales que act\u00faa penetrando y formando una pel\u00edcula seca sobre la cadena. Le quita fricci\u00f3n provocando menor desgaste, andar suave y facilita el pasaje de los cambios sobre el pi\u00f1\u00f3n, corona y todo el mecanismo de transmisi\u00f3n. Presentaciones: Art. 771 =\u00a0Aceitera x 100 cm3 &#8211; Pack x 12 unidades.<\/p>\n","protected":false},"featured_media":753,"comment_status":"open","ping_status":"closed","template":"","meta":[],"product_brand":[],"product_cat":[27],"product_tag":[],"class_list":{"0":"post-606","1":"product","2":"type-product","3":"status-publish","4":"has-post-thumbnail","6":"product_cat-aceites","8":"first","9":"instock","10":"shipping-taxable","11":"product-type-simple"},"_links":{"self":[{"href":"https:\/\/pntlubricantes.com.ar\/nuevacarp\/wp-json\/wp\/v2\/product\/606","targetHints":{"allow":["GET"]}}],"collection":[{"href":"https:\/\/pntlubricantes.com.ar\/nuevacarp\/wp-json\/wp\/v2\/product"}],"about":[{"href":"https:\/\/pntlubricantes.com.ar\/nuevacarp\/wp-json\/wp\/v2\/types\/product"}],"replies":[{"embeddable":true,"href":"https:\/\/pntlubricantes.com.ar\/nuevacarp\/wp-json\/wp\/v2\/comments?post=606"}],"wp:featuredmedia":[{"embeddable":true,"href":"https:\/\/pntlubricantes.com.ar\/nuevacarp\/wp-json\/wp\/v2\/media\/753"}],"wp:attachment":[{"href":"https:\/\/pntlubricantes.com.ar\/nuevacarp\/wp-json\/wp\/v2\/media?parent=606"}],"wp:term":[{"taxonomy":"product_brand","embeddable":true,"href":"https:\/\/pntlubricantes.com.ar\/nuevacarp\/wp-json\/wp\/v2\/product_brand?post=606"},{"taxonomy":"product_cat","embeddable":true,"href":"https:\/\/pntlubricantes.com.ar\/nuevacarp\/wp-json\/wp\/v2\/product_cat?post=606"},{"taxonomy":"product_tag","embeddable":true,"href":"https:\/\/pntlubricantes.com.ar\/nuevacarp\/wp-json\/wp\/v2\/product_tag?post=606"}],"curies":[{"name":"wp","href":"https:\/\/api.w.org\/{rel}","templated":true}]}}